8. Calculate g(-46).
276
Let s(z) = 158*z - 428. Determine s(3).
46
Let v(f) = -20*f + 389. Determine v(18).
29
Let n(t) = -t**2 - 29*t - 212. Calculate n(-12).
-8
Let t(g) = 5*g**2 + 61*g - 2. Give t(-12).
-14
Let g(b) = 31*b - 627. What is g(21)?
24
Let i(n) = n**2 + 226*n - 2601. Determine i(11).
6
Let y(s) = 2*s**3 + 31*s**2 + 3*s + 92. Calculate y(-15).
272
Let x(r) = 2092*r + 12560. Calculate x(-6).
8
Let o(r) = -196*r**3 - r**2 + 5*r - 4. Calculate o(1).
-196
Let a(k) = 15*k + 140. Calculate a(-8).
20
Let s(k) = -13*k**2 + 12. What is s(-7)?
-625
Let h(l) = 12*l**2 - l + 2. Give h(2).
48
Let m(h) = 3*h**2 - 9*h - 31. Calculate m(6).
23
Let o(b) = -b**3 - 8*b**2 + 45*b + 409. What is o(-10)?
159
Let u(a) = -a**3 + 19*a**2 - 9*a + 168. Determine u(19).
-3
Let k(c) = -c**2 + 12*c + 63. Determine k(-4).
-1
Let i(t) = -122*t + 4279. What is i(33)?
253
Let c(b) = -28*b**2 + 588*b + 17. Determine c(21).
17
Let n(l) = -39*l - 81. Give n(-6).
153
Let i(h) = -43*h**2 - 487*h - 13. What is i(-12)?
-361
Let f(d) = d**3 + 57*d**2 + 116*d + 217. What is f(-55)?
-113
Let u(y) = -16*y + 345. Determine u(27).
-87
Let f(v) = 2*v**3 - 69*v**2 + 31*v - 30. What is f(34)?
-132
Let p(k) = -4*k**3 + 160*k**2 - 161*k + 194. Calculate p(39).
-1
Let y(f) = -6*f + 75. What is y(-10)?
135
Let c(d) = 11*d**2 + 83*d - 250. Give c(-10).
20
Let l(n) = n**2 + 165*n - 6993. What is l(35)?
7
Let j(k) = -2*k**3 + 25*k**2 - 32*k + 20. What is j(11)?
31
Let b(k) = -50*k + 116. Determine b(3).
-34
Let d(y) = 17*y**2 - y - 5. Calculate d(-2).
65
Let s(n) = n**3 + 10*n**2 + 13*n + 7. Give s(-6).
73
Let h(n) = 28*n + 944. Give h(-13).
580
Let k(t) = -6*t**2 - t + 467. Calculate k(0).
467
Let a(u) = -u**2 + 10*u + 288. Calculate a(30).
-312
Let h(k) = -k**3 - 79*k**2 - 636*k - 389. What is h(-70)?
31
Let x(a) = -365*a + 2198. Give x(6).
8
Let j(q) = -69*q + 761. Calculate j(4).
485
Let a(t) = t**3 - 7*t**2 + 59*t - 180. Determine a(4).
8
Let n(q) = -2*q**2 - 54*q - 338. Give n(-10).
2
Let v(f) = f**3 + 7*f**2 + 52*f + 273. Calculate v(-6).
-3
Let w(m) = 204*m**3 + m**2 + 10*m + 7. What is w(-1)?
-206
Let w(q) = 1529*q - 16810. Determine w(11).
9
Let h(n) = -7*n - 64. Calculate h(-5).
-29
Let p(i) = i**3 - 44*i**2 + 70*i + 199. Calculate p(42).
-389
Let v(w) = 6*w**2 + 47*w + 24. What is v(-7)?
-11
Let t(g) = 3751*g + 3748. Calculate t(-1).
-3
Let j(f) = -f**2 - 57*f + 855. Determine j(13).
-55
Let x(y) = -y**2 + 2*y + 9. What is x(4)?
1
Let m(k) = -7*k**3 + 343*k**2 - k + 152. Calculate m(49).
103
Let i(g) = -8*g + 76. Give i(14).
-36
Let m(s) = -27*s - 2378. Determine m(-89).
25
Let p(h) = h**2 - 321*h + 12. Calculate p(0).
12
Let r(m) = -8*m**2 - 41*m + 42. Calculate r(1).
-7
Let m(c) = c**3 + 34*c**2 - 162*c - 4437. Give m(-35).
8
Let c(k) = -3*k**3 - 4*k**2 + 15*k - 36. What is c(3)?
-108
Let v(f) = -10*f - 454. Determine v(-73).
276
Let i(p) = -8*p**3 + 359*p**2 + 69*p - 1073. Give i(45).
7
Let s(w) = w**3 + 5*w - 76. Determine s(0).
-76
Let z(d) = d**2 + 35*d + 208. Give z(-8).
-8
Let r(z) = 19*z**2 + 9*z + 2. Determine r(-3).
146
Let w(x) = 6018*x + 48149. Give w(-8).
5
Let l(c) = 18*c**2 - 21*c + 2. Determine l(1).
-1
Let f(g) = 15*g - 234. Give f(14).
-24
Let p(r) = r**3 + 38*r**2 + 102*r + 170. Calculate p(-35).
275
Let r(n) = n**3 - 14*n**2 - 2*n + 30. Determine r(14).
2
Let p(w) = 52*w**2 - 889*w + 75. What is p(17)?
-10
Let q(s) = -2503*s + 4951. Calculate q(2).
-55
Let y(q) = -4*q**2 - 167*q + 9979. What is y(-75)?
4
Let v(f) = 140*f - 309. Give v(2).
-29
Let s(v) = -3398*v - 5. Determine s(0).
-5
Let q(t) = 57*t**2 + 1027*t + 40. What is q(-18)?
22
Let y(j) = 2*j**3 + 136*j**2 + 99*j - 10886. Give y(-66).
4
Let s(q) = 102*q**2 - 4*q - 1. What is s(-1)?
105
Let y(i) = 53*i**3 + 7*i**2 + 12*i + 5. What is y(-1)?
-53
Let j(q) = -q**3 - 2*q**2 + 21*q + 46. Calculate j(-2).
4
Let s(i) = -51*i**2 + 3*i - 34. Determine s(3).
-484
Let x(f) = 5*f**2 + 3*f + 58. Give x(-5).
168
Let l(m) = -2*m**2 + 249*m + 4317. Give l(140).
-23
Let d(c) = 3*c**2 + 72*c + 194. Give d(-20).
-46
Let d(w) = 158*w - 1505. Give d(13).
549
Let y(d) = d**3 + 37*d**2 + 280*d - 88. What is y(-26)?
68
Let t(c) = -45*c + 431. Give t(11).
-64
Let f(g) = -11*g**2 - 36*g + 106. What is f(2)?
-10
Let q(d) = -18*d + 781. Give q(44).
-11
Let q(b) = -5*b**2 - 30*b - 46. Calculate q(-2).
-6
Let p(y) = y**3 + 3*y**2 - 9*y - 310. Calculate p(0).
-310
Let c(k) = -1070*k - 4271. Give c(-4).
9
Let n(i) = -2*i**3 + 8*i**2 - 21*i + 37. Determine n(3).
-8
Let p(b) = -3*b**3 + 9*b**2 - 7*b - 93. What is p(-4)?
271
Let w(m) = -m**2 - 4*m + 787. Give w(-30).
7
Let p(s) = -55*s - 36. Give p(-2).
74
Let f(m) = m**3 - 73*m**2 + 183*m + 1908. What is f(70)?
18
Let u(c) = c**3 - 38*c**2 - 45*c + 1658. Give u(38).
-52
Let n(p) = -2*p**2 + 46*p - 235. Calculate n(8).
5
Let u(o) = o**3 + 6*o**2 - 24*o - 41. Determine u(-7).
78
Let h(m) = 10*m + 87. Give h(-13).
-43
Let p(q) = -2*q**3 - 37*q**2 + 25*q + 15. Calculate p(-19).
-99
Let f(i) = i**2 + 46*i - 409. Give f(-54).
23
Let w(y) = -y**3 - 13*y**2 - 158. Determine w(-16).
610
Let r(u) = 1133*u - 10185. Determine r(9).
12
Let n(z) = z**3 - 12*z**2 + 22*z + 18. Calculate n(8).
-62
Let f(m) = 112*m**2 + 946*m + 394. Calculate f(-8).
-6
Let x(o) = -71*o + 2126. Calculate x(30).
-4
Let v(u) = u**3 + u**2 - 23*u - 10. Calculate v(0).
-10
Let v(c) = -1211*c + 77. Give v(0).
77
Let i(f) = 50*f - 4189. Calculate i(83).
-39
Let d(t) = -5*t**2 - 424*t + 1874. Determine d(-89).
5
Let z(d) = 3*d**2 - 19*d + 162. Give z(0).
162
Let a(b) = b**3 + 110*b**2 + 331*b + 1089. Determine a(-107).
19
Let j(b) = 100*b + 57. Give j(-2).
-143
Let k(v) = 232*v**2 + 104*v + 204. Calculate k(-2).
924
Let x(u) = -4*u**2 + 318*u - 324. What is x(1)?
-10
Let s(v) = -v**3 - 4*v**2 + 21*v - 19. Calculate s(-7).
-19
Let h(n) = 5*n + 29. What is h(6)?
59
Let d(m) = 6*m**2 + 112*m + 51. What is d(-19)?
89
Let t(k) = 115*k**3 - 2*k**2 + 403*k - 402. Give t(1).
114
Let r(g) = -1948*g - 3906. Calculate r(-2).
-10
Let p(n) = n**2 - 46*n - 25383. Calculate p(184).
9
Let p(a) = -a**3 - 2*a**2 - 4*a + 68. Calculate p(0).
68
Let m(b) = -3*b**3 + 19*b**2 + 16*b - 16. Determine m(7).
-2
Let a(r) = 45*r**2 + 132*r + 12. Give a(-3).
21
Let q(r) = -r**2 + 31*r - 229. Determine q(16).
11
Let z(t) = 3*t**2 + 20*t + 39. Give z(-8).
71
Let r(h) = -h**2 - 115*h + 990. Calculate r(8).
6
Let f(u) = 3*u + 60. What is f(-28)?
-24
Let y(g) = -4*g**3 - 16*g**2 - 3*g - 64. What is y(-3)?
-91
Let l(u) = 17*u + 119. Determine l(-9).
-34
Let x(l) = -2*l**3 + 66*l**2 + 73*l - 161. What is x(34)?
9
Let p(l) = 2*l**2 - 492*l + 22068. Determine p(187).
2
Let t(a) = -7*a**3 - 19*a**2 + 26*a - 8. Give t(1).
-8
Let y(f) = -f**2 - 19*f + 14476. What is y(-130)?
46
Let t(o) = -o**3 + 13*o**2 - 29*o + 50. Determine t(7).
141
Let j(y) = 2*y**2 + 46*y - 173. Give j(4).
43
Let j(s) = -s**3 + 25*s**2 - 27*s + 65. Determine j(24).
-7
Let u(b) = -462*b - 60. Calculate u(-1).
402
Let y(j) = j**3 - 43*j**2 - 115*j + 1130. Give y(45).
5
Let c(p) = -511*p - 491. Calculate c(-1).
20
Let d(v) = -2*v**3 + 19*v**2 + v - 105. Give d(9).
-15
Let v(b) = 139*b**2 + 1099*b - 113. What is v(-8)?
-9
Let a(z) = -31*z + 1675. What is a(50)?
125
Let w(h) = -122*h**2 + 1103*h - 36. Calculate w(9).
9
Let j(v) = 1683*v + 10091. What is j(-6)?
-7
Let m(i) = 149*i - 507. Determine m(2).
-209
Let t(m) = m**3 + 22*m**2 + 22*m + 19. Determine t(-21).
-2
Let s(u) = -30*u + 848. Give s(30).
-52
Let k(n) = 702*n + 111. Determine k(0).
111
Let s(b) = -228*b - 10. Give s(1).
-238
Let z(p) = -p**3 - 74*p**2 + 44*p - 2311. What is z(-75)?
14
Let j(a) = -3*a**2 - 11*a + 36. Calculate j(4).
-56
Let a(f) = 2*f**2 - 81*f - 94. Calculate a(43).
121
Let c(x) = x**3 + 24*x**2 + 77*x + 1232. Determine c(-23).
-10
Let f(j) = j**2 - 139*j - 1164. Calculate f(-8).
12
Let b(d) = -d**3 - 48*d**2 - 525*d + 37. What is b(-31)?
-25
Let z(m) = -m**3 - 39*m**2 + 176*m + 166. Give z(-43).
-6
Let z(m) = 164*m + 38. Determine z(-2).
-290
Let d(s) = s**3 - 45*s**2 - 683*s - 57. What is d(57)?
0
Let b(a) = 180*a - 1965. Give b(11).
15
Let x(k) = -2*k**2 + 115*k + 82. Calculate x(61).
-345
Let m(c) = c**3 - 16*c**2 - 728*c + 12059. Calculate m(17).
-28
Let k(m) = -m**2 - 132*m - 996. What is k(-8)?
-4
Let 